uppose -5*o + 11 = 2*m, -a*o - 4 = o - 3*m. Let b = -2 + 4. What is the greatest common factor of b and o?
1
Let d(a) = -24*a + 363. Let b be d(14). Calculate the highest common divisor of b and 72.
9
Let h be (20/20)/(2/24). What is the greatest common factor of 75 and h?
3
Suppose 2*d - 4*b - 662 = 0, d + 5*b + 2335 = 8*d. What is the highest common factor of 268 and d?
67
Let k be 5/3 + 16/(-24). Let m be (36/7)/(k/7). Calculate the highest common divisor of 12 and m.
12
Let d be (-2 - 4)/((-50)/11725). Calculate the greatest common divisor of d and 21.
21
Suppose -5*h + 13 = 3*n + 62, 5*n + 31 = -2*h. Let y = h - 4. Let s be -3*(-2)/y*-14. Calculate the highest common divisor of s and 35.
7
Let o(d) = -4*d - 77. Let u be o(-49). Let q = -11 - -18. Calculate the greatest common divisor of u and q.
7
Let n be 10/4*20/25. Let x(t) = -7*t + 3. Let y be x(4). Let f be (120/y)/(6/(-20)). What is the greatest common factor of f and n?
2
Let s(b) = b**3 + 3*b**2 - 3*b + 2. Let l be s(2). Let h be (-61)/244 + 17/4. What is the highest common divisor of l and h?
4
Let k(o) = 2*o**2 + 2*o + 2. Let b be k(-5). Let d(z) = 107*z - 493. Let x be d(5). What is the highest common divisor of b and x?
42
Let r(z) = 24*z**2 - 4*z - 2. Let f(u) = -u**2 - 14*u + 2. Let c be f(-14). Let n be r(c). What is the greatest common divisor of 129 and n?
43
Let q(l) = 5*l + 19. Let t(n) = n + 5. Let z(x) = 2*q(x) - 9*t(x). Let c be z(9). Let d be 8 + c + -3 + -1. What is the highest common divisor of 18 and d?
6
Let m = 1914 + -1823. Calculate the highest common factor of m and 13.
13
Let s = -90 + 134. Let m = -24 + s. What is the greatest common factor of 5 and m?
5
Let m be (4 - 26/5)*-70. What is the highest common divisor of m and 105?
21
Suppose -3*b = -6*b - 6, -2*a = -b - 440. Let s = a + -67. What is the greatest common divisor of s and 8?
8
Let i = 1282 + -1096. Calculate the greatest common factor of i and 279.
93
Suppose -40*i = -47*i + 7. Suppose 0 = 4*d + 12, 5*a - 13 = -2*d - 2*d. Suppose -4*y = x - a*x, -4 = -3*y - x. What is the greatest common divisor of y and i?
1
Let y(w) = 2*w**3 - 33*w**2 - 13*w + 23. Let v be y(17). What is the greatest common factor of 7 and v?
7
Suppose f = 3*f - 16. Suppose -3*x + 9*x - 6 = 0. Let p be (-2)/(-13) + (1095/65 - x). What is the highest common factor of p and f?
8
Let r be (-144)/30*15/(-6). Calculate the greatest common factor of r and 48.
12
Suppose 2*b = 4*t, -1 = t - 4*b + 3*b. Let a(q) = 52*q. Let x be a(t). Let h = x + -7. Calculate the highest common divisor of h and 18.
9
Let c be 50/(-425) + 34416/68. Calculate the highest common factor of c and 230.
46
Suppose -4*g + 9 = -3*g. Suppose -g*b = -13*b + 8. What is the greatest common divisor of 5 and b?
1
Suppose -3*p + 2*v - 19 + 20 = 0, 0 = 2*v - 8. What is the highest common divisor of p and 159?
3
Let v(k) = k**2 + 8. Let n be v(5). Calculate the highest common factor of n and 9.
3
Let i be 27/((-1)/(2/(-2))). Let k(v) = -v**2 - 21*v + 49. Let b be k(-23). Calculate the highest common divisor of i and b.
3
Let y be -1 + 2/(0 - -1). Suppose 15*u - 17*u + 78 = 0. Let n = 48 - u. Calculate the highest common factor of n and y.
1
Suppose 105 = -2*m + 7*m. What is the greatest common divisor of 147 and m?
21
Let i = -52 + 55. Suppose 20 = s + i*k, -3*s = 6*k - 2*k - 60. Calculate the highest common divisor of 50 and s.
10
Suppose 4*t + 507 = 523. Calculate the highest common factor of 64 and t.
4
Let q(j) = -2*j**2 + 23*j - 50. Let b be q(7). Calculate the greatest common factor of 520 and b.
13
Let b be (-2 - 0 - 9)*-1. Let s = 36 + -27. Let x be (44/s*3)/(16/24). What is the greatest common factor of b and x?
11
Suppose -2*a + 10 = -7*a, -744 = -2*t - 2*a. Calculate the highest common factor of t and 102.
34
Suppose 192 = 4*r + 3*i, 0 = 2*r + 4*i - 83 - 23. Suppose 7*b - 2*b - r = 0. Let j = 8 + b. Calculate the highest common divisor of j and 119.
17
Let q = -555 - -571. What is the greatest common divisor of q and 72?
8
Let u = -34 - -61. Let l = -8 + 13. Suppose 6 = l*b - 9. Calculate the greatest common factor of u and b.
3
Suppose -54*f = -50*f, 5*j = 2*f + 50. Calculate the greatest common divisor of 610 and j.
10
Let d(w) = -4*w - 53. Let r be d(-17). Suppose -2*q - 50 - 80 = 0. Let n = 170 + q. What is the greatest common factor of n and r?
15
Suppose -136*r - 4*z = -139*r + 524, 0 = -2*r + 5*z + 347. What is the greatest common divisor of r and 22?
22
Let w(r) = 3*r. Let l be w(-4). Suppose -16*a - 367 + 31 = 0. Let j = l - a. Calculate the highest common factor of j and 36.
9
Suppose -3*c - 4 = -2*c, -2*a - 46 = 3*c. Let f(n) = 11*n + 3. Let d be f(-1). Let s = d - a. Calculate the highest common factor of s and 3.
3
Let l(c) = -5*c - 2*c - c**2 + 0*c + 0*c. Let a be l(-3). Let b = -10 + 16. What is the greatest common factor of a and b?
6
Let r(d) = 18*d**2 + 2*d - 20. Let i be r(-4). What is the greatest common factor of 160 and i?
20
Let q = -49 + 60. Let f be 1/(-1) - -13*(q - 7). Calculate the greatest common divisor of 34 and f.
17
Suppose -x + 2*z - 5 = 0, -5*z + z = 5*x - 31. Let a = -70 + 74. Suppose -2*l + 8 = 2*t - a*l, x*t = l + 20. What is the highest common divisor of 8 and t?
8
Let w(y) = 1. Let f(s) = 3*s + 40. Let v(b) = f(b) - 4*w(b). Let q be v(0). Calculate the highest common factor of 108 and q.
36
Suppose 0 = -d + 3*d - 536. Suppose -i - 78 = -d. What is the highest common divisor of i and 38?
38
Let z be (-28)/12 - 2/(-6). Let d be 14*(-1)/z - 1. Suppose 0*j - 3*k = 3*j - 33, 3*j - 5*k = 17. Calculate the greatest common divisor of d and j.
3
Let j(q) = -3*q**2 + 24*q + 11. Let n be j(4). What is the greatest common factor of 531 and n?
59
Let w = -313 - -351. Let h be 1/(-3) + (-266)/(-6). Suppose -h + w = -u. Calculate the highest common factor of 6 and u.
6
Let k = -40 + 42. Let o be (-1 + -6)*-3*k*1. Suppose -2*n = d - 10, -d = 5*n - 31 + 3. Calculate the highest common factor of o and n.
6
Suppose 5*v + 3*o = 1528, o - 1565 + 39 = -5*v. Calculate the greatest common factor of 122 and v.
61
Let j(o) = 3*o - 10. Let i be j(5). Suppose -2*p + 6 = 4*l, 33 = p - i*l + l. Calculate the greatest common factor of 26 and p.
13
Suppose 149*u = 151*u - 18. Suppose 714 = u*r - 609. Calculate the highest common divisor of 21 and r.
21
Let d(p) = p**3 + 26*p**2 + 48*p + 27. Let x be d(-24). Calculate the highest common divisor of 153 and x.
9
Let o(m) = -2*m + 16. Let y be o(8). Suppose y = -26*d + 21*d + 350. Calculate the highest common divisor of d and 28.
14
Let w be ((-14*10)/5)/(-2). Let t be (-15)/(-2) - (-7)/w. What is the greatest common divisor of 64 and t?
8
Suppose 261*h = 272*h - 2475. What is the greatest common divisor of h and 180?
45
Let p = 2389 + -1614. What is the highest common factor of p and 62?
31
Let f = -607 - -733. Let o = -18 + 32. Calculate the highest common divisor of f and o.
14
Let b = 269 + -117. What is the highest common factor of 8 and b?
8
Let p be -140 + 131 + (1 - -652). What is the highest common factor of 84 and p?
28
Let m be 184/18 - (-18)/(-81). Suppose 0 = 5*r - 10, 2 = v + 2*r - 6. Calculate the highest common factor of v and m.
2
Let v be 14 + (14/6 + -3)*3. What is the highest common divisor of 516 and v?
12
Let v(u) = -u**3 + 19*u**2 - u + 23. Let d be v(19). Suppose d*a = -q + 766, -a - 14 = 4*q - 198. Calculate the greatest common factor of a and 32.
32
Let y be -1 - (0 - (-5)/(-1)). Let p(o) = -17*o. Let c be p(-4). Let n = -64 + c. What is the highest common divisor of y and n?
4
Suppose 0 = 2*h + v + 680, h = v + v - 350. Let u be 4 + 21/(-5) - (-2656)/5. Let g = h + u. What is the highest common factor of 27 and g?
27
Let o be -9 - (5 + (-1)/1). Let l(a) = -a**3 - 14*a**2 - 15*a - 18. Let f be l(o). What is the highest common divisor of 72 and f?
8
Suppose 1812 = 4*g - 5*m, -1412 = -3*g + 3*m - 56. What is the highest common factor of g and 128?
64
Suppose -5*s = 4*h - 49, -3*s = s - 5*h - 72. Suppose -9 + s = p. Suppose 0 = 4*x - 20, -p*b + 2*x = -18 - 4. Calculate the highest common factor of 1 and b.
1
Let i be (-7)/(-22 + 1) + 375/9. Calculate the highest common factor of 12 and i.
6
Suppose -2*b - 68 = -2*x, b - 4 = -5. Let q = -25 + x. What is the highest common factor